{"id":2,"date":"2014-02-08T18:54:31","date_gmt":"2014-02-08T17:54:31","guid":{"rendered":"http:\/\/hyperbate.fr\/rencontres\/?page_id=2"},"modified":"2025-06-02T00:22:46","modified_gmt":"2025-06-01T23:22:46","slug":"projet","status":"publish","type":"page","link":"https:\/\/hyperbate.fr\/revoyure\/projet\/","title":{"rendered":"Le projet"},"content":{"rendered":"<div class=\"wp-block-image\">\n<figure class=\"aligncenter\"><a href=\"https:\/\/hyperbate.fr\/revoyure\/files\/2014\/02\/ecole.jpg\"><img decoding=\"async\" width=\"900\" height=\"675\" src=\"https:\/\/hyperbate.fr\/revoyure\/files\/2014\/02\/ecole.jpg\" alt=\"ecole\" class=\"wp-image-37\" srcset=\"https:\/\/hyperbate.fr\/revoyure\/files\/2014\/02\/ecole.jpg 900w, https:\/\/hyperbate.fr\/revoyure\/files\/2014\/02\/ecole-300x225.jpg 300w, https:\/\/hyperbate.fr\/revoyure\/files\/2014\/02\/ecole-400x300.jpg 400w\" sizes=\"(max-width: 900px) 100vw, 900px\" \/><\/a><\/figure>\n<\/div>\n\n\n<p>J&rsquo;ai commenc\u00e9 \u00e0 enseigner avant d&rsquo;avoir\u00a0obtenu mon premier dipl\u00f4me, alors que j&rsquo;\u00e9tais moi-m\u00eame \u00e9tudiant, en 1996. D&rsquo;abord charg\u00e9 de cours \u00e0 l&rsquo;universit\u00e9 Paris 8 (emploi qui se transformera plus tard en un poste d&rsquo;enseignant associ\u00e9, que j&rsquo;occupe toujours), puis professeur \u00e0 l&rsquo;\u00c9cole sup\u00e9rieure d&rsquo;art et de design d&rsquo;Amiens (cinq ans) et \u00e0 l&rsquo;\u00c9cole sup\u00e9rieure d&rsquo;art du Havre (devenue \u00c9cole sup\u00e9rieure d&rsquo;art et design Le Havre\/Rouen) depuis 2006, j&rsquo;ai assur\u00e9 des cours r\u00e9guliers ou des \u00ab\u00a0workshops\u00a0\u00bb\u00a0dans divers \u00e9tablissements : l&rsquo;\u00e9cole d&rsquo;art de Rennes, celle de Pau, celle d&rsquo;Angoul\u00eame, l&rsquo;\u00e9cole priv\u00e9e e-artsup, l&rsquo;universit\u00e9 de Tours, l&rsquo;Ensci\/Les Ateliers. Toujours \u00e0 Paris 8, j&rsquo;ai aussi particip\u00e9 un temps au DESU d&rsquo;Art-th\u00e9rapie. J&rsquo;ai beaucoup enseign\u00e9 la programmation informatique\u00a0\u2014\u202fpour des artistes\/designers\u202f\u2014, mais aussi (tr\u00e8s modestement, car je suis loin de pouvoir me vanter d&rsquo;\u00eatre une sommit\u00e9\u00a0dans ces\u00a0domaines) le cin\u00e9ma d&rsquo;animation, l&rsquo;histoire des\u00a0nouveaux m\u00e9dias en art, la cr\u00e9ation litt\u00e9raire ou encore la bande dessin\u00e9e num\u00e9rique.<br>Au fil des ann\u00e9es, j&rsquo;ai eu des centaines d&rsquo;\u00e9tudiants. J&rsquo;esp\u00e8re toujours qu&rsquo;il s&rsquo;en trouve un ou deux \u00e0 qui j&rsquo;aurais apport\u00e9 quelque chose, mais je sais, en tout cas, ce qu&rsquo;eux m&rsquo;ont apport\u00e9\u00a0: des questions, des id\u00e9es, une \u00e9nergie. On n&rsquo;apprend jamais plus qu&rsquo;en enseignant, entend-on souvent.<\/p>\n\n\n<div class=\"wp-block-image\">\n<figure class=\"aligncenter\"><a href=\"https:\/\/hyperbate.fr\/revoyure\/files\/2014\/02\/etudiants.jpg\"><img decoding=\"async\" width=\"900\" height=\"900\" src=\"https:\/\/hyperbate.fr\/revoyure\/files\/2014\/02\/etudiants.jpg\" alt=\"etudiants\" class=\"wp-image-583\" srcset=\"https:\/\/hyperbate.fr\/revoyure\/files\/2014\/02\/etudiants.jpg 900w, https:\/\/hyperbate.fr\/revoyure\/files\/2014\/02\/etudiants-150x150.jpg 150w, https:\/\/hyperbate.fr\/revoyure\/files\/2014\/02\/etudiants-300x300.jpg 300w\" sizes=\"(max-width: 900px) 100vw, 900px\" \/><\/a><\/figure>\n<\/div>\n\n\n<p><\/p>\n\n\n\n<p>Le but de ce blog est d&rsquo;aller \u00e0 la rencontre d&rsquo;anciens \u00e9tudiants, que je ne les aie fr\u00e9quent\u00e9s qu&rsquo;une heure ou cinq ans, pour leur demander ce qu&rsquo;ils deviennent, ce qu&rsquo;ils font, ce qu&rsquo;ils retiennent de leurs ann\u00e9es d&rsquo;\u00e9tudes, pour leur payer un coup et pour faire&nbsp;leur portrait, par la photographie et par le texte.<br>Ce qui m&rsquo;int\u00e9resse, c&rsquo;est bien entendu chacun d&rsquo;eux, mais aussi, plus largement, de se faire une id\u00e9e de ce que deviennent les \u00e9tudiants en art, non pas par quelques chiffres abstraits et, quelque part, d\u00e9nu\u00e9s de sens, mais en consid\u00e9rant la complexit\u00e9 du&nbsp;parcours de chacun.<\/p>\n\n\n\n<p>Pour me contacter :&nbsp;jnlafargue (chez) gmail (point) com.<br>Sur Twitter :&nbsp;<a href=\"https:\/\/twitter.com\/Jean_no\" target=\"_blank\" rel=\"noopener\">@Jean_no<\/a><\/p>\n\n\n\n<p>On peut me retrouver, notamment, sur <em><a href=\"http:\/\/www.hyperbate.fr\/dernier\/\">Le dernier blog<\/a><\/em>.<\/p>\n\n\n\n<p><\/p>\n","protected":false},"excerpt":{"rendered":"<p>J&rsquo;ai commenc\u00e9 \u00e0 enseigner avant d&rsquo;avoir\u00a0obtenu mon premier dipl\u00f4me, alors que j&rsquo;\u00e9tais moi-m\u00eame \u00e9tudiant, en 1996. D&rsquo;abord charg\u00e9 de cours \u00e0 l&rsquo;universit\u00e9 Paris 8 (emploi qui se transformera plus tard en un poste d&rsquo;enseignant associ\u00e9, que j&rsquo;occupe toujours), puis professeur \u00e0 l&rsquo;\u00c9cole sup\u00e9rieure d&rsquo;art et de design d&rsquo;Amiens (cinq ans) et \u00e0 l&rsquo;\u00c9cole sup\u00e9rieure d&rsquo;art &hellip; <a href=\"https:\/\/hyperbate.fr\/revoyure\/projet\/\" class=\"more-link\">Continuer la lecture de <span class=\"screen-reader-text\">Le projet<\/span><\/a><\/p>\n","protected":false},"author":1,"featured_media":0,"parent":0,"menu_order":0,"comment_status":"open","ping_status":"closed","template":"","meta":{"footnotes":""},"class_list":["post-2","page","type-page","status-publish","hentry"],"_links":{"self":[{"href":"https:\/\/hyperbate.fr\/revoyure\/wp-json\/wp\/v2\/pages\/2","targetHints":{"allow":["GET"]}}],"collection":[{"href":"https:\/\/hyperbate.fr\/revoyure\/wp-json\/wp\/v2\/pages"}],"about":[{"href":"https:\/\/hyperbate.fr\/revoyure\/wp-json\/wp\/v2\/types\/page"}],"author":[{"embeddable":true,"href":"https:\/\/hyperbate.fr\/revoyure\/wp-json\/wp\/v2\/users\/1"}],"replies":[{"embeddable":true,"href":"https:\/\/hyperbate.fr\/revoyure\/wp-json\/wp\/v2\/comments?post=2"}],"version-history":[{"count":3,"href":"https:\/\/hyperbate.fr\/revoyure\/wp-json\/wp\/v2\/pages\/2\/revisions"}],"predecessor-version":[{"id":946,"href":"https:\/\/hyperbate.fr\/revoyure\/wp-json\/wp\/v2\/pages\/2\/revisions\/946"}],"wp:attachment":[{"href":"https:\/\/hyperbate.fr\/revoyure\/wp-json\/wp\/v2\/media?parent=2"}],"curies":[{"name":"wp","href":"https:\/\/api.w.org\/{rel}","templated":true}]}}